ime factors of 909922.
2, 13, 79, 443
What are the prime factors of 851132?
2, 389, 547
List the prime factors of 23564702.
2, 7, 167, 10079
List the prime factors of 83448.
2, 3, 19, 61
What are the prime factors of 3626301?
3, 7, 172681
List the prime factors of 23918654.
2, 3061, 3907
List the prime factors of 5402806.
2, 2701403
What are the prime factors of 191208?
2, 3, 31, 257
What are the prime factors of 70015?
5, 11, 19, 67
What are the prime factors of 434245?
5, 7, 19, 653
What are the prime factors of 411463?
13, 31, 1021
List the prime factors of 608569.
13, 277
What are the prime factors of 1095891?
3, 365297
List the prime factors of 326108.
2, 81527
What are the prime factors of 652197?
3, 7, 13, 2389
List the prime factors of 256024.
2, 32003
What are the prime factors of 816527?
17, 43, 1117
What are the prime factors of 1077996?
2, 3, 89833
What are the prime factors of 25201345?
5, 13, 109, 3557
List the prime factors of 7997924.
2, 11, 67, 2713
What are the prime factors of 27833231?
27833231
List the prime factors of 10877329.
19, 572491
List the prime factors of 3358633.
31, 108343
What are the prime factors of 1398440?
2, 5, 34961
List the prime factors of 6165134.
2, 3082567
What are the prime factors of 25403220?
2, 3, 5, 5227
What are the prime factors of 3747406?
2, 13, 11087
List the prime factors of 124939.
103, 1213
List the prime factors of 211113.
3, 7, 1117
List the prime factors of 343041.
3, 29, 3943
List the prime factors of 906254.
2, 31, 47, 311
List the prime factors of 162041.
11, 14731
What are the prime factors of 59919?
3, 19973
List the prime factors of 9147383.
7, 29, 45061
What are the prime factors of 20373059?
7, 73, 39869
List the prime factors of 1448410.
2, 5, 241, 601
List the prime factors of 6175413.
3, 439, 521
List the prime factors of 20247326.
2, 11, 920333
List the prime factors of 17340708.
2, 3, 7, 11, 383
What are the prime factors of 6116163?
3, 2038721
What are the prime factors of 269056?
2, 1051
List the prime factors of 218935.
5, 43787
What are the prime factors of 16931877?
3, 233, 24223
What are the prime factors of 239929?
239929
List the prime factors of 26227199.
23, 103, 11071
What are the prime factors of 714626?
2, 11, 2953
List the prime factors of 2077587.
3, 17, 37, 367
What are the prime factors of 2766894?
2, 3, 13, 19, 1867
What are the prime factors of 91177?
73, 1249
What are the prime factors of 3882284?
2, 7, 61, 2273
What are the prime factors of 933882?
2, 3, 317, 491
What are the prime factors of 1905706?
2, 11, 29, 103
What are the prime factors of 1529423?
7, 41, 73
List the prime factors of 2672065.
5, 11, 19, 2557
List the prime factors of 3310.
2, 5, 331
What are the prime factors of 20347684?
2, 7, 59, 109, 113
What are the prime factors of 68217?
3, 22739
What are the prime factors of 2946229?
11, 13, 1873
What are the prime factors of 151931?
13, 29, 31
List the prime factors of 212720.
2, 5, 2659
What are the prime factors of 769323?
3, 256441
What are the prime factors of 271961?
431, 631
List the prime factors of 26666898.
2, 3, 4444483
List the prime factors of 286172.
2, 29, 2467
What are the prime factors of 1619916?
2, 3, 61, 2213
What are the prime factors of 27511078?
2, 7, 1965077
What are the prime factors of 307911?
3, 197, 521
What are the prime factors of 172254?
2, 3, 19, 1511
What are the prime factors of 410631?
3, 13, 10529
What are the prime factors of 3744997?
3744997
What are the prime factors of 118950?
2, 3, 5, 13, 61
List the prime factors of 4525405.
5, 53, 17077
List the prime factors of 3309129.
3, 47, 7823
What are the prime factors of 149440?
2, 5, 467
List the prime factors of 1877508.
2, 3, 52153
List the prime factors of 467471.
467471
What are the prime factors of 7880108?
2, 887, 2221
List the prime factors of 740002.
2, 23, 16087
List the prime factors of 923452.
2, 230863
List the prime factors of 883684.
2, 173, 1277
What are the prime factors of 9322224?
2, 3, 29, 37, 181
List the prime factors of 222667.
107, 2081
List the prime factors of 386108.
2, 96527
What are the prime factors of 1584358?
2, 792179
What are the prime factors of 1072245?
3, 5, 71483
What are the prime factors of 18653379?
3, 127, 173, 283
What are the prime factors of 1826364?
2, 3, 152197
List the prime factors of 155039.
197, 787
List the prime factors of 1151012.
2, 23, 12511
What are the prime factors of 17479237?
17479237
List the prime factors of 7259235.
3, 5, 19, 25471
What are the prime factors of 714576?
2, 3, 14887
List the prime factors of 6212889.
3, 230107
List the prime factors of 1611471.
3, 537157
List the prime factors of 2860935.
3, 5, 7, 11, 2477
What are the prime factors of 5378145?
3, 5, 59, 103
What are the prime factors of 318881?
318881
List the prime factors of 1357265.
5, 7, 13, 19, 157
List the prime factors of 3134275.
5, 125371
What are the prime factors of 129576?
2, 3, 5399
List the prime factors of 2840283.
3, 401, 787
What are the prime factors of 3019481?
3019481
What are the prime factors of 1580402?
2, 790201
What are the prime factors of 273888?
2, 3, 317
List the prime factors of 42937.
42937
What are the prime factors of 1127157?
3, 241, 1559
What are the prime factors of 1346218?
2, 673109
List the prime factors of 17820703.
29, 179, 3433
List the prime factors of 36481.
191
What are the prime factors of 24504097?
24504097
List the prime factors of 770063.
7, 23, 4783
What are the prime factors of 562814?
2, 7, 5743
List the prime factors of 1696209.
3, 17, 79, 421
What are the prime factors of 319662?
2, 3, 7, 43, 59
List the prime factors of 409148.
2, 233, 439
What are the prime factors of 252898?
2, 31, 4079
What are the prime factors of 303500?
2, 5, 607
What are the prime factors of 1249663?
149, 8387
What are the prime factors of 2858635?
5, 13, 17, 199
What are the prime factors of 442211?
7, 11, 5743
What are the prime factors of 3831005?
5, 89, 8609
List the prime factors of 289982.
2, 7, 11, 269
What are the prime factors of 13513833?
3, 67, 73, 307
List the prime factors of 879226.
2, 439613
What are the prime factors of 2948812?
2, 737203
What are the prime factors of 153534?
2, 3, 25589
List the prime factors of 91827.
3, 19, 179
What are the prime factors of 295570?
2, 5, 11, 2687
What are the prime factors of 5907?
3, 11, 179
What are the prime factors of 3100755?
3, 5, 7, 29531
What are the prime factors of 1185780?
2, 3, 5, 19763
List the prime factors of 4044923.
257, 15739
What are the prime factors of 21227928?
2, 3, 884497
What are the prime factors of 4162460?
2, 5, 73, 2851
List the prime factors of 11598284.
2, 17, 19, 47, 191
List the prime factors of 985430.
2, 5, 98543
List the prime factors of 4145461.
179, 23159
What are the prime factors of 979288?
2, 167, 733
What are the prime factors of 6600248?
2, 263, 3137
List the prime factors of 518692.
2, 31, 47, 89
List the prime factors of 251566.
2, 7, 17, 151
What are the prime factors of 30073265?
5, 6014653
What are the prime factors of 51305?
5, 31, 331
List the prime factors of 8361106.
2, 13, 29, 853
What are the prime factors of 88001?
88001
What are the prime factors of 6747948?
2, 3, 59, 353
List the prime factors of 355580.
2, 5, 23, 773
List the prime factors of 9129057.
3, 7, 434717
What are the prime factors of 34455419?
34455419
List the prime factors of 36837415.
5, 7367483
What are the prime factors of 1861610?
2, 5, 186161
List the prime factors of 29624602.
2, 7, 29, 131, 557
List the prime factors of 8478421.
7, 23, 7523
What are the prime factors of 27529?
27529
List the prime factors of 7078931.
7078931
What are the prime factors of 41936?
2, 2621
What are the prime factors of 29671464?
2, 3, 19, 31, 2099
What are the prime factors of 665096?
2, 83137
What are the prime factors of 116046?
2, 3, 7, 307
What are the prime factors of 982411?
919, 1069
What are the prime factors of 338697?
3, 37633
What are the prime factors of 317397?
3, 241, 439
What are the prime factors of 775856?
2, 48491
What are the prime factors of 3613?
3613
What are the prime factors of 4532317?
19, 113, 2111
List the prime factors of 5145932.
2, 11, 116953
List the prime factors of 203186.
2, 19, 5347
What are the prime 